))?
7, 11
Suppose 2 = -2*q + 4*q. List the prime factors of 11 + 4 + (q - -2).
2, 3
Let o = 179 + -104. Suppose 5*b - o = -4*r, -3*r - 45 = -4*b + 46. What are the prime factors of b?
19
Suppose -n - 3*x + 10 = 0, -3*x + 4 = -2*n + 15. List the prime factors of n.
7
List the prime factors of 434/6 - (-2)/(-6).
2, 3
Suppose 0 = -n + 83 + 9. List the prime factors of n.
2, 23
Let q(k) = -87*k - 1. List the prime factors of q(-1).
2, 43
Let w(l) = -l**3 + 9*l**2 - l + 14. What are the prime factors of w(9)?
5
What are the prime factors of (-1*(-4 - -3))/(4/276)?
3, 23
Let g be 48/9 + (-1)/3. Suppose 2*s - g*s - 66 = 0. Let k = -14 - s. What are the prime factors of k?
2
Let d = -20 + 60. List the prime factors of d.
2, 5
Let x = 10 + -7. Let q(n) = -n + 2. Let j(k) = -k + 1. Let a(s) = x*q(s) - 6*j(s). List the prime factors of a(3).
3
Let w = 499 + -205. List the prime factors of w.
2, 3, 7
Suppose -2*z + 5 = -z. Suppose -3*f = 3*u - 15, -z*u + 2*f = -0*f - 60. List the prime factors of u.
2, 5
Let o = 40 - 7. List the prime factors of o.
3, 11
Let h = -16 - 15. Let s = h + 78. What are the prime factors of s?
47
List the prime factors of 3/((-32)/12 + 3).
3
Let g be 16/(2 - 0) + -2. Let a = -5 + 5. Suppose n - o + g*o + 10 = a, 2*n = -2*o + 20. What are the prime factors of n?
3, 5
Suppose 4*j - 17 - 2 = 3*z, -4*z - 3*j + 8 = 0. Let i be 1*(z + (-2 - -3)). Suppose -4*b + 32 = -4*x, -2*b + 2*x + x + 12 = i. What are the prime factors of b?
2, 3
Suppose -s + 0*r - 2*r = -11, -14 = -2*s + 4*r. Suppose s = 2*o - 7. List the prime factors of o.
2
Let y = 0 - -3. Suppose -r - u + 380 = y*r, 5*r - 468 = -3*u. Suppose -r = -5*a + 4. List the prime factors of a.
2, 5
Let y(u) = -u**2 - 7*u - 7. Let p be y(-6). Let w be 1*-6*5*p. Let d = -21 + w. What are the prime factors of d?
3
Suppose 14*a = 10*a + 984. List the prime factors of a.
2, 3, 41
What are the prime factors of ((-20)/10)/(4/(-54))?
3
Suppose 2*n - 211 = -4*z - n, 2*n + 186 = 4*z. Suppose -5*k = 4*b - z, -2*b - b = k - 1. List the prime factors of k.
13
Let j = 12 + -10. Let g be (1 + 0)/(j/6). Suppose -33 = -6*w + g*w. List the prime factors of w.
11
Let k(f) = f - 7. Let d be (8/(-3))/(2/(-3)). Let n be (-27)/2*d/(-6). List the prime factors of k(n).
2
Let b(x) = 5*x**2 + x - 1. Suppose 0*h + 16 = -4*h. Let j(t) = -14*t**2 - 3*t + 4. Let s(i) = h*j(i) - 11*b(i). What are the prime factors of s(-5)?
3, 5
Let p(z) = -z + 42. Let s be p(0). Let x be s/(-18)*-1*3. Suppose 12 = 3*u, -4*u = x*n - 2*n - 36. List the prime factors of n.
2
Suppose 8 = -2*h - 0*a - a, 3*h - 2*a = 2. List the prime factors of (39/h)/((-11)/22).
3, 13
Suppose 0 = -3*s + 15 - 0. What are the prime factors of (0 + 1)*(s + 5)?
2, 5
Let c(w) be the third derivative of w**6/120 + w**5/120 - w**4/6 + 2*w**3/3 + w**2. Let j(l) be the first derivative of c(l). List the prime factors of j(-3).
2, 5
Suppose -2*c = -4*d - 3*c - 11, 5*d = 2*c - 30. List the prime factors of 13 - -2 - d/4.
2
Let k be ((-1)/(-2))/((-1)/8). Suppose 5*t + 1 = i, -5*i - 2*t - 10 = -3*i. What are the prime factors of 2/k*(i - 0)?
2
Suppose p - 2*p = 4*r - 75, r = 1. List the prime factors of p.
71
Let k be 2 + (-11)/((-11)/(-30)). What are the prime factors of (-270)/(-8) + (-7)/k?
2, 17
Let z(a) = a - 7. Let k be z(5). Let l = 5 + k. List the prime factors of l.
3
Suppose 3*l + 124 = -4*p, 5*p = p - 4. Let h = l - -81. List the prime factors of h.
41
Let g(v) = v**2 + 19. List the prime factors of g(-10).
7, 17
Let q = 14 + -14. Suppose -4*u + 9 + 31 = q. List the prime factors of u.
2, 5
Let i(q) = 7*q**2 - q + 1. Let u be i(1). Let o = u - 3. Let a = 6 - o. List the prime factors of a.
2
Let h(c) = -c**3 + 11*c**2 + 2. Let k be h(11). Suppose 0 = -3*f + 5*x + 45, -2*f - k*f + 60 = -4*x. List the prime factors of f.
3, 5
Let f = 5 - -5. Let z = 15 - f. What are the prime factors of z?
5
Suppose 0 = 2*w - 3*k - 22, 0 = -0*w + 3*w - 5*k - 32. List the prime factors of w.
2, 7
Let n = -9 + 12. Suppose h + n*h + 4*z - 60 = 0, z = -2*h + 25. List the prime factors of h.
2, 5
Suppose -x - 4*x = 0. Suppose x = 2*i - i - 11. List the prime factors of i.
11
Suppose -20 = 3*u - 242. List the prime factors of u.
2, 37
Let n(w) be the second derivative of -w**5/20 - w**3/6 + 5*w**2/2 + 2*w. Let f be n(0). Let c(r) = r + 5. List the prime factors of c(f).
2, 5
Suppose -2*h = -2*k - 162, 26 = 3*h - 4*k - 221. List the prime factors of h.
7, 11
Let g be (-2)/(-3)*(56 + 4). Suppose -2*s = -g + 2. What are the prime factors of s?
19
Let m(n) = -n + 1. Let d be m(-3). Suppose z - d*k = -9*k - 41, 2*k = -2*z - 50. Let h = 33 + z. List the prime factors of h.
2, 3
Let n(z) = z**2 + 4*z - 17. Let y be n(-7). Let v(c) = 3*c**2 + 2*c - 7. What are the prime factors of v(y)?
7
List the prime factors of 1066/7 + 26/(-91).
2, 19
Suppose -5*c + 4*z + 2 = 0, 2*c + 0*c - 5*z + 6 = 0. Suppose m = -4*t + 161, c*t + 4*m - 20 = 50. List the prime factors of t.
41
Let t be ((-48)/20)/(6/(-140)). Suppose 2*h + 8 = t. List the prime factors of h.
2, 3
Let o = -15 - -49. What are the prime factors of o?
2, 17
Let h(w) be the third derivative of w**6/120 - 2*w**5/15 + 3*w**4/8 + 5*w**3/6 + w**2. List the prime factors of h(7).
19
Let y(h) = -h**3 + 8*h**2 - 4*h - 5. Let x be y(8). What are the prime factors of (-14)/35 - x/5?
7
Let g = 56 + -34. What are the prime factors of g?
2, 11
Let v be 30/(0 + (-4)/(-24)). Suppose -3*p = -8*p + v. List the prime factors of p.
2, 3
Suppose 18 = 2*k - 2*h, 5*k = 2*h - 5*h + 5. Let b = k - 2. What are the prime factors of b?
2
Let r(u) be the third derivative of u**6/120 + u**5/10 + u**4/6 + 5*u**3/6 + 2*u**2. Let k be r(-5). List the prime factors of (4/6)/(k/105).
7
Suppose 0 = -5*m + 6 + 14. Let w(y) = 8*y**2. Let x be w(-1). Suppose 3*f - 80 = -m*o, x = f + f. What are the prime factors of o?
17
Suppose -696 = 20*m - 26*m. List the prime factors of m.
2, 29
Let t = -63 - -168. Suppose -4*s - 34 = 2*c, -5*c + 42 = -s + t. Let a = c - -19. What are the prime factors of a?
2, 3
Suppose 3*w = -3*c + 5 + 1, 3*w = 2*c + 1. Let r be c - (-1 + 1 + -1). Suppose -4*m = u - 61, 10 + 8 = r*m - 2*u. List the prime factors of m.
2, 7
Let w(t) = t**3 + 7*t**2 - 7*t + 7. Let v be w(-8). Let g = -2 + -1. Let s = v - g. What are the prime factors of s?
2
Suppose 0*b + b - 26 = 0. Let a = -11 - -14. Suppose -a*s + b = -s. What are the prime factors of s?
13
Suppose 0 = 2*u - 3*n - 234, -5*u - 4*n + 582 = 20. What are the prime factors of u?
2, 3, 19
Suppose -k + 3 = -1. What are the prime factors of (-534)/(-42) - k/(-14)?
13
Let d(c) = c**2 - c - 1. List the prime factors of d(15).
11, 19
Suppose -3*n = -2*n. Suppose n = -3*z + 2*z + 3. List the prime factors of z.
3
Suppose 2*f + 0*f - 2 = 0. Let k = 2 + f. What are the prime factors of k?
3
Let j(b) = 12*b + 1. Let s be 8 + 6/(0 - 2). What are the prime factors of j(s)?
61
Let o(n) = n**3 + 7*n**2 + 1. Let j = -10 - -3. Let h be o(j). List the prime factors of (11*h)/(5 + -4).
11
Let x = 10 - 6. Suppose -b = x*b - 35. List the prime factors of b.
7
List the prime factors of 21/(-126) - (-127)/6.
3, 7
What are the prime factors of (2/4)/((-3)/(-108))?
2, 3
Let a be -1*2*(-1 + 2). What are the prime factors of (-50)/(-18) - a/9?
3
Suppose -3*p = 4*s - 22, -2*p = 3*p + 2*s - 18. Suppose 2*c + 4*o + 19 - 81 = 0, -4*c = -p*o - 74. List the prime factors of c.
3, 7
Let x(q) = q**3 + 5*q**2 - 4*q - 4. Let i be x(-5). Suppose -4 = 2*d, -3*d + 5*d = -4*w + i. What are the prime factors of w?
5
Suppose u - 2*u + 7 = 0. Suppose -2*t + 19 = -u. List the prime factors of t.
13
Suppose -3*r - 12 = -6*r. Suppose -2*z - 38 = -r*z. List the prime factors of z.
19
Let s be -6*(-1 + 2 + -2). Let b = -4 + s. What are the prime factors of 2*b*(2 - 0)?
2
Let j = 172 - -87. List the prime factors of j.
7, 37
Suppose -6*m = -4*m - 10. Suppose 219 = m*p + 79. Let k = p - 16. What are the prime factors of k?
2, 3
List the prime factors of ((-198)/(-4))/(6/8).
2, 3, 11
Suppose -38 = -t + 76. List the prime factors of t.
2, 3, 19
Let l(n) = 0 + n - 4 + 2 - 6*n**2 + n**3. Let d be l(6). Suppose -d*v + 5 = -15. List the prime factors of v.
5
Let i = -3 + 6. Suppose 6 = i*d - 3. What are the prime factors of d?
3
What are the prime facto